))/((-6)/(-1752))?
9
Suppose 5*v = -d + 6, -4*v + 14 = -4*d - 10. What is the units digit of ((-9)/(-6))/(v/12)?
9
Let t be (92/(-1))/(3/6). What is the units digit of (2 - -1)/((-12)/t)?
6
Let c = 0 + 1. Suppose 4*i - 11 = 9. Let p = i - c. What is the units digit of p?
4
Let x(c) = 2*c**2 + c**2 + 2*c**2 - 2*c**2. What is the units digit of x(1)?
3
Let o = -4 + -2. Let j = -9 + 12. Let f = j - o. What is the units digit of f?
9
Let l = 7 - 7. Suppose l = 4*g - 20, 3*g = 4*p - 2 + 1. What is the units digit of p?
4
Let q(d) = -d**2 - 16*d - 48. What is the tens digit of q(-8)?
1
Suppose -5*p - 5*m + 30 = 0, -3*p = -4*p + 4*m - 4. What is the tens digit of p + -4 + 1 + 19?
2
Let r = -373 - -764. What is the tens digit of r?
9
Suppose -21*g + 25*g - 16 = 0. Suppose -19 = -g*t + t + 2*b, -t + 21 = 3*b. What is the units digit of t?
9
Suppose 3*p = 488 - 5. What is the hundreds digit of p?
1
Let p = 26 + -7. Let z = -6 + -4. Let y = p + z. What is the units digit of y?
9
Let z(r) = -12*r - 16*r + 1 + r**2 + r**3 + 26*r. Let j = 0 + 2. What is the units digit of z(j)?
9
Let p(n) = 11*n**2 - n - 1. Let k be p(-1). Let q(v) = -v**3 + 12*v**2 - 10*v + 1. What is the tens digit of q(k)?
1
Let t(k) = -5*k - 10. Let u(g) = 4*g + 9. Let d(h) = -2*t(h) - 3*u(h). Let o be d(-5). Suppose 19 = 2*n + o. What is the units digit of n?
8
Suppose -54 + 224 = 5*z. What is the tens digit of z?
3
Suppose u - 2*d + 0*d - 352 = 0, 4*u - 5*d - 1396 = 0. What is the units digit of u?
4
Suppose o + 230 = 5*n, -n + 2*o = -5*n + 198. What is the units digit of n?
7
Let d be 4 - (1 + (0 - 1)). Suppose -d*h - 4*a = 100, -3*h = -0*h + 4*a + 73. What is the units digit of -1*h/(1 + 2)?
9
Suppose 3*k + 3*s - 117 = -30, 3*k = -4*s + 87. What is the units digit of k?
9
Suppose -8 = -3*m - m. What is the units digit of m + 0 + 5 + -1?
6
Let b(m) be the second derivative of -m**6/720 - m**5/40 + m**4/6 - 2*m. Let c(a) be the third derivative of b(a). What is the units digit of c(-4)?
1
Suppose -3*l + i + 69 = 0, -4*i = -l + 33 + 1. Let x = -16 + l. What is the units digit of x?
6
Suppose 2*r + 5*v = 9, -3*r + 3*v - 2 = -5. Let h(l) = 2*l**2 - 2*l + 1. Let i be h(r). Let x(o) = -o**3 + 5*o**2 + 2*o - 7. What is the units digit of x(i)?
3
Let g = -6 - -9. Suppose g*a + f - 92 = 0, 0*f = f + 4. What is the units digit of a?
2
Let r be 14/(-21)*(-150)/4. Let y = 39 - r. What is the units digit of y?
4
Let g = -26 - -33. Let q(k) = 2*k**2 - 8*k - 3. What is the tens digit of q(g)?
3
Suppose n - 12 = -n. Suppose -4 = -5*u + n. What is the units digit of u?
2
Let j be (3 + -21)*2/(-6). Suppose -j = -5*r + 79. What is the tens digit of r?
1
Suppose -6 = -z + 3*z, -q + 3*z + 132 = 0. What is the units digit of q?
3
Suppose s = -0*s + 2*x + 41, 3*s = 2*x + 131. Suppose -v = 3*d - s, 0*v + v + 51 = 3*d. What is the tens digit of d?
1
Suppose -4*p = 3*a + 11 + 9, -4*p - 20 = -3*a. What is the tens digit of (p - 0)*(-160)/25?
3
Let i(t) = -t**3 - 13*t**2 - 12*t - 4. Let h be i(-12). Let o(x) = 2*x**2 + 5*x + 5. What is the units digit of o(h)?
7
Suppose 1 = -2*b - 3. Let t = 2 + -3. What is the units digit of (t + b)*(1 + -2)?
3
Let r(b) = 77*b + 6. What is the units digit of r(3)?
7
Let k = 3 - 0. What is the units digit of (k - -2) + 0 + 1?
6
Let t = 54 - 4. What is the tens digit of t?
5
Let i = -51 - -36. Let r = i + 6. Let l = -6 - r. What is the units digit of l?
3
Suppose 56 = -4*p - 24. Let l = p - -24. What is the units digit of l?
4
Suppose -2*p = 8 - 0. Let m(b) = -2*b. What is the units digit of m(p)?
8
Suppose 2*i + 16 + 10 = 2*j, i + j + 5 = 0. Let f(g) = g**3 - 2*g**2 - 3*g - 3. Let w be f(4). Let z = i + w. What is the units digit of z?
8
What is the hundreds digit of (13 + -1)*(-217)/(-14)?
1
What is the units digit of (2 - 3 - -16) + 1?
6
Suppose -3*o - 3*f + 4 = -5, 0 = -2*o - f + 1. What is the units digit of o/(-4)*6 - 1?
2
Suppose 76 = 2*n - 2. What is the tens digit of n?
3
Let d(w) = w**3 + 5*w**2 - 2*w + 4. What is the units digit of d(-5)?
4
Let j = 257 + 136. What is the units digit of j?
3
Let v(i) = i**3 - 4*i**2 - 2*i - 5. Let g = -29 + 16. Let h = -8 - g. What is the units digit of v(h)?
0
Let l(z) = 6*z**3 + z. What is the units digit of l(1)?
7
Let s(c) = -11*c. Let k be s(-2). Suppose -n + k = 5*r, -4*n + 156 = 2*r + r. What is the units digit of n?
2
Suppose 18 = -4*s + 5*s. What is the tens digit of s?
1
Let f be ((-2)/(-2) - 2) + 4. Suppose f*a - 8*a = -d - 73, -a + 4*d = -26. What is the units digit of a?
4
Suppose 2*q + 35 = 3*l + 178, -3*q - 2*l = -208. What is the units digit of q?
0
Let a = -1 - -2. Let k(d) = 2*d**2. What is the units digit of k(a)?
2
Let f be 0 + 6 + 0/(-1). Let m(u) = -u**2 + 9*u - 2. What is the units digit of m(f)?
6
Let s = 11 + -7. Suppose 2*q - s - 12 = -3*m, m - q = 2. What is the units digit of m?
4
Let q = 19 + 14. Suppose 0*i + 3*i - q = 0. What is the units digit of i?
1
Suppose 4*l = -0 + 4. Let b(x) = x**3 - 5*x**2 - 3*x + 7. Let t be b(5). Let j = l - t. What is the units digit of j?
9
Suppose -4*f + 7 = -17. Suppose 5*c + 6 = f*c. What is the units digit of c?
6
Suppose -2 = 2*z, j - 69 - 1 = 4*z. What is the units digit of j/(-2)*(-1)/3?
1
Let s(l) = 0*l - 1 + l + 1. Let j be s(0). Let r = j - -11. What is the tens digit of r?
1
Let w(n) = 4*n**2 + n + 1. Let k be w(2). Suppose -k - 16 = -5*a. What is the units digit of a?
7
What is the units digit of 8 + (12/(-3) - -2)?
6
Let d = 23 - 14. Suppose 0 = 4*x - 5*a + 13, 0*x - 4*x = -4*a + 8. Suppose b + 5*u - 90 = -4*b, -x*u + d = 0. What is the units digit of b?
5
Suppose -8*x + 524 = -6*x. What is the units digit of x?
2
Suppose -3*w - 2*t = -52, 6*w + 4*t - 24 = 5*w. What is the units digit of w?
6
Let j be (2 + 9/(-6))*4. Let m(v) = v**3 + 2*v + 2*v**2 + 2 + 2*v**2 - j*v**3. What is the tens digit of m(4)?
1
Suppose 3*w - 14 - 1 = 0. What is the tens digit of (-354)/(-30) - (-1)/w?
1
Suppose -5*h = 5, 5*b + 8*h - 105 = 3*h. What is the tens digit of b?
2
Let m be (8/(-12))/(2/(-12)). Suppose m*z = -z + 490. Suppose z = 5*s + 33. What is the units digit of s?
3
Let f(k) = k**2 - k. Suppose -5*d - 7 - 3 = 0. What is the units digit of f(d)?
6
Suppose 511 = 4*b + 107. What is the tens digit of b?
0
Let k(o) = o**3 - 5*o**2 - 6*o + 6. Let n be k(6). Let u be (n*1)/((-3)/2). What is the units digit of 92/16 + (-1)/u?
6
Let q = -3 + 6. Suppose -l - q*k = 8, 2*l = -2*l - 3*k - 32. Let a = 13 + l. What is the units digit of a?
5
Suppose 9 = -5*d - 11. Let c be 160/(-15) + d/(-6). Let t = 18 + c. What is the units digit of t?
8
Suppose 0 = -2*o - 6, 5*j - 2*o + 3 = 8*j. What is the units digit of (-2)/(-10)*j*15?
9
Let m(q) = 3*q + 1. Let g(l) = -48*l - 15. Let b(d) = -4*g(d) - 66*m(d). What is the tens digit of b(-4)?
1
Suppose -3 = -4*d - 3*c - 10, 2*c = 3*d - 16. Suppose -12 = d*l + 2*k, 0 = -3*l + 4*l + 5*k + 18. What is the units digit of 3*(l - (-42)/9)?
5
Suppose 6*s - 5*t + 60 = 4*s, -44 = 2*s - t. What is the units digit of (-5)/(s/(-12)) + 15?
2
Let l = -103 + 214. What is the tens digit of l?
1
What is the units digit of (10/(-12))/((-8)/48)?
5
Let p = 334 - 91. What is the tens digit of p?
4
Suppose 17 = g - 5. What is the units digit of g?
2
Let l = -4 - -6. Suppose 0 = l*r - 87 + 25. What is the tens digit of r?
3
Let n = 181 + -128. What is the units digit of n?
3
Suppose 0 = -3*o - 0*o + 255. Suppose -o = -5*h + r - 16, -2*h + 5*r + 46 = 0. What is the tens digit of h?
1
Let z be 32/12 + (-4)/6. Suppose z*y - 96 = -2*y. What is the units digit of y?
4
Let t(c) = c**3 - 5*c**2 - 10*c + 4. Let w be t(7). Let f be 6/27 + w/18. Suppose -f*z - 10 + 0 = 0, 0 = 5*p - 4*z - 30. What is the units digit of p?
2
Suppose 23 = 5*z + 3. Let v be 2 + 0 - (z - 2). Suppose l = -3*q + 20, v*q = 3*l + q - 28. What is the units digit of l?
8
Let x(c) = -c**2 - 11*c - 9. Let d be x(-8). Let m = 6 - d. Let r = 13 + m. What is the units digit of r?
4
What is the tens digit of (-13 + (6 - 3))*(-121)/22?
5
Let b = 21 + -12. What is the units digit of b?
9
What is the units digit of ((-70)/3 - -4)*-6?
6
Let h = -332 - -505. What is the hundreds digit of h?
1
Suppose 0*p + 2*p - 60 = 2*t, 5*t + 18 = p. What is the units digit of p?
3
Suppose 0*x - 50 = -4*b - 5*x, 0 = -3*x - 6. Supp